{"id":232,"date":"2020-08-24T17:28:47","date_gmt":"2020-08-24T20:28:47","guid":{"rendered":"http:\/\/localhost\/timemoney3\/tm-ecommerce-arg\/?post_type=product&#038;p=232"},"modified":"2023-11-17T09:37:29","modified_gmt":"2023-11-17T12:37:29","slug":"ola-4","status":"publish","type":"product","link":"https:\/\/www.timemoneynet.com\/ecom-argentina\/producto\/ola-4\/","title":{"rendered":"Ola 4"},"content":{"rendered":"","protected":false},"excerpt":{"rendered":"<p><strong>Ola 4,<\/strong>.\u00a0<strong>El Network Marketing en el siglo XXI<\/strong><\/p>\n<p>Richard Poe<\/p>\n<p>Luego del \u00e9xito de su serie de libros Ola 3, Richard Poe pas\u00f3 varios a\u00f1os realizando una exhaustiva investigaci\u00f3n de la industria del Network Marketing. En esta \u00e9poca de r\u00e1pidos cambios, los avances tecnol\u00f3gicos en inform\u00e1tica y comunicaciones, incluyendo el desarrollo de Internet, impusieron un nuevo sello a esta actividad de r\u00e1pido crecimiento y flexibilidad, al cual \u00e9l denomin\u00f3 Ola 4.<\/p>\n","protected":false},"featured_media":350,"template":"","meta":[],"_links":{"self":[{"href":"https:\/\/www.timemoneynet.com\/ecom-argentina\/wp-json\/wp\/v2\/product\/232"}],"collection":[{"href":"https:\/\/www.timemoneynet.com\/ecom-argentina\/wp-json\/wp\/v2\/product"}],"about":[{"href":"https:\/\/www.timemoneynet.com\/ecom-argentina\/wp-json\/wp\/v2\/types\/product"}],"wp:featuredmedia":[{"embeddable":true,"href":"https:\/\/www.timemoneynet.com\/ecom-argentina\/wp-json\/wp\/v2\/media\/350"}],"wp:attachment":[{"href":"https:\/\/www.timemoneynet.com\/ecom-argentina\/wp-json\/wp\/v2\/media?parent=232"}],"curies":[{"name":"wp","href":"https:\/\/api.w.org\/{rel}","templated":true}]}}