{"id":257,"date":"2020-08-24T18:43:32","date_gmt":"2020-08-24T21:43:32","guid":{"rendered":"http:\/\/localhost\/timemoney3\/tm-ecommerce-arg\/?post_type=product&#038;p=257"},"modified":"2023-11-17T09:37:02","modified_gmt":"2023-11-17T12:37:02","slug":"mi-mentor-un-millonario","status":"publish","type":"product","link":"https:\/\/www.timemoneynet.com\/ecom-argentina\/producto\/mi-mentor-un-millonario\/","title":{"rendered":"Mi Mentor Un Millonario"},"content":{"rendered":"","protected":false},"excerpt":{"rendered":"<p><strong>MI MENTOR UN MILLONARIO<\/strong>.\u00a0<strong>Estrategias Magistrales de los Superexitosos<\/strong><\/p>\n<p>Steven K. Scott<\/p>\n<p>Cuando se trata del \u00e9xito, existe una diferencia infinita entre aprender teor\u00edas en la escuela y que alguien, que ha ganado decenas de millones de d\u00f3lares, le ense\u00f1e estrategias y aptitudes espec\u00edficas.<\/p>\n","protected":false},"featured_media":347,"template":"","meta":[],"_links":{"self":[{"href":"https:\/\/www.timemoneynet.com\/ecom-argentina\/wp-json\/wp\/v2\/product\/257"}],"collection":[{"href":"https:\/\/www.timemoneynet.com\/ecom-argentina\/wp-json\/wp\/v2\/product"}],"about":[{"href":"https:\/\/www.timemoneynet.com\/ecom-argentina\/wp-json\/wp\/v2\/types\/product"}],"wp:featuredmedia":[{"embeddable":true,"href":"https:\/\/www.timemoneynet.com\/ecom-argentina\/wp-json\/wp\/v2\/media\/347"}],"wp:attachment":[{"href":"https:\/\/www.timemoneynet.com\/ecom-argentina\/wp-json\/wp\/v2\/media?parent=257"}],"curies":[{"name":"wp","href":"https:\/\/api.w.org\/{rel}","templated":true}]}}