{"id":270,"date":"2020-08-25T15:39:09","date_gmt":"2020-08-25T18:39:09","guid":{"rendered":"http:\/\/localhost\/timemoney3\/tm-ecommerce-arg\/?post_type=product&#038;p=270"},"modified":"2023-11-17T09:36:48","modified_gmt":"2023-11-17T12:36:48","slug":"siempre-estuvo-en-mi","status":"publish","type":"product","link":"https:\/\/www.timemoneynet.com\/ecom-argentina\/producto\/siempre-estuvo-en-mi\/","title":{"rendered":"Siempre Estuvo En M\u00ed"},"content":{"rendered":"","protected":false},"excerpt":{"rendered":"<p><strong>\u00a1SIEMPRE ESTUVO EN MI!<\/strong>\u00a0\u2013<strong>De la autosuperaci\u00f3n al \u00e9xtasis.<\/strong><\/p>\n<p>Alan Cohen<\/p>\n<p>\u00a1Siempre Estuvo en M\u00ed! es un libro inspirador y a la vez pr\u00e1ctico, que reclama, en sus propias p\u00e1ginas, no ser un libro de autoayuda m\u00e1s, al poner al lector a cargo de S\u00cd MISMO en el camino de la transformaci\u00f3n mediante el autodescubrimiento.<\/p>\n","protected":false},"featured_media":353,"template":"","meta":[],"_links":{"self":[{"href":"https:\/\/www.timemoneynet.com\/ecom-argentina\/wp-json\/wp\/v2\/product\/270"}],"collection":[{"href":"https:\/\/www.timemoneynet.com\/ecom-argentina\/wp-json\/wp\/v2\/product"}],"about":[{"href":"https:\/\/www.timemoneynet.com\/ecom-argentina\/wp-json\/wp\/v2\/types\/product"}],"wp:featuredmedia":[{"embeddable":true,"href":"https:\/\/www.timemoneynet.com\/ecom-argentina\/wp-json\/wp\/v2\/media\/353"}],"wp:attachment":[{"href":"https:\/\/www.timemoneynet.com\/ecom-argentina\/wp-json\/wp\/v2\/media?parent=270"}],"curies":[{"name":"wp","href":"https:\/\/api.w.org\/{rel}","templated":true}]}}